364885346?
False
Is 20 a factor of 1893409814?
False
Is 668364588 a multiple of 203?
False
Is 1264 a factor of 1649818304?
True
Does 2 divide 721919?
False
Does 49 divide 51966156?
False
Is 125 a factor of 103203076?
False
Is 1257322784 a multiple of 11?
False
Is 699447324 a multiple of 1500?
False
Is 191 a factor of 3569048537?
False
Is 365 a factor of 1261317299?
False
Does 1873 divide 101094734?
False
Is 159206772 a multiple of 142?
False
Is 32 a factor of 13245326?
False
Is 1519127 a multiple of 257?
True
Is 99503077 a multiple of 930?
False
Is 1887437845 a multiple of 115?
True
Is 1120578850 a multiple of 168?
False
Is 28867498 a multiple of 12?
False
Is 80640252 a multiple of 594?
True
Does 5338 divide 1042484710?
True
Does 1675 divide 139004927?
False
Is 2136 a factor of 45887688?
True
Does 89 divide 6988102?
True
Is 517 a factor of 294658812?
False
Is 366 a factor of 2003729952?
True
Does 29 divide 52272956?
False
Does 2322 divide 17047663?
False
Is 279 a factor of 191012623?
False
Does 26 divide 1427868760?
False
Does 36 divide 546734772?
True
Is 145 a factor of 3695960499?
False
Is 26453380 a multiple of 3734?
False
Is 1750 a factor of 215307680?
False
Is 3176 a factor of 209819431?
False
Does 175 divide 4495389850?
True
Is 958 a factor of 10251558?
True
Does 692 divide 265123192?
True
Is 92 a factor of 311716708?
False
Does 815 divide 61284740?
True
Is 4393065999 a multiple of 789?
True
Does 12 divide 173712344?
False
Is 254425946 a multiple of 79?
False
Does 149 divide 1747935837?
True
Does 185 divide 836321662?
False
Is 11 a factor of 152445227?
True
Is 24 a factor of 1195056?
True
Does 5 divide 4073730?
True
Is 110 a factor of 498770261?
False
Is 430600737 a multiple of 45?
False
Is 28 a factor of 12015308?
False
Does 1558 divide 58784898?
True
Does 458 divide 1795656784?
True
Is 8177045 a multiple of 1882?
False
Is 17130627 a multiple of 3145?
False
Is 31 a factor of 25160995?
True
Is 936555301 a multiple of 12?
False
Is 2820874192 a multiple of 184?
True
Does 45 divide 677293920?
True
Is 532 a factor of 10815560?
True
Does 10 divide 422409167?
False
Is 9430 a factor of 667200790?
True
Is 369 a factor of 303736077?
True
Does 223 divide 27435190?
False
Does 246 divide 562824876?
True
Does 2262 divide 620468862?
True
Is 31 a factor of 105831437?
False
Is 15713316 a multiple of 15?
False
Does 7 divide 10912664?
True
Is 3574004 a multiple of 89?
False
Is 225085218 a multiple of 327?
True
Is 38652760 a multiple of 3?
False
Does 67 divide 3590936665?
False
Does 156 divide 64603089?
False
Is 42158196 a multiple of 4?
True
Does 82 divide 264354072?
False
Is 570 a factor of 12557554?
False
Is 224147484 a multiple of 10?
False
Is 251917107 a multiple of 772?
False
Is 2296 a factor of 214834424?
True
Is 710715869 a multiple of 112?
False
Does 802 divide 106242544?
True
Is 1403822791 a multiple of 18?
False
Is 246856255 a multiple of 41?
False
Is 446 a factor of 327491?
False
Is 266286446 a multiple of 7?
False
Is 3552934 a multiple of 23?
False
Does 12 divide 92780349?
False
Is 610721848 a multiple of 8?
True
Is 4 a factor of 28586836?
True
Is 87371026 a multiple of 29?
True
Is 7 a factor of 17797920?
True
Is 155840670 a multiple of 555?
True
Does 460 divide 847186140?
True
Does 262 divide 1598551338?
False
Does 4280 divide 269550906?
False
Is 97 a factor of 33116776?
False
Does 29 divide 1431910?
False
Does 18 divide 134556012?
True
Is 64148048 a multiple of 4801?
False
Is 669196218 a multiple of 656?
False
Is 170 a factor of 1250765140?
True
Does 13 divide 10338212?
False
Does 23 divide 14291975?
False
Does 112 divide 14200256?
True
Does 51 divide 77665608?
False
Is 1752384324 a multiple of 9838?
False
Does 32 divide 49900416?
True
Is 1885963342 a multiple of 26?
False
Is 26814461 a multiple of 179?
False
Is 1245 a factor of 180574306?
False
Is 906353393 a multiple of 539?
False
Is 1051066423 a multiple of 1017?
False
Does 40 divide 54642600?
True
Is 7349004 a multiple of 164?
True
Does 547 divide 159474568?
True
Does 8 divide 105167053?
False
Is 1472711760 a multiple of 2327?
True
Is 54407820 a multiple of 809?
False
Is 20736552 a multiple of 8?
True
Is 6101010 a multiple of 597?
False
Is 840244801 a multiple of 408?
False
Is 28 a factor of 92895740?
True
Is 20 a factor of 43560440?
True
Does 26 divide 134578600?
True
Is 131 a factor of 256962133?
True
Is 4 a factor of 55093352?
True
Is 361 a factor of 49694425?
False
Does 9 divide 4128876?
True
Is 211070 a multiple of 10?
True
Is 66379785 a multiple of 148?
False
Is 46314464 a multiple of 3629?
False
Is 41411440 a multiple of 546?
False
Does 1617 divide 58294858?
False
Does 4 divide 26421696?
True
Does 6141 divide 45094971?
False
Is 760796907 a multiple of 5545?
False
Is 1207 a factor of 241778362?
False
Does 3182 divide 165979484?
True
Is 393775391 a multiple of 157?
False
Does 11 divide 11183897?
False
Is 572 a factor of 598873508?
False
Does 1981 divide 1342947161?
False
Is 1048068439 a multiple of 10126?
False
Is 17 a factor of 565467260?
True
Does 16 divide 10793072?
True
Does 51 divide 12335413?
False
Is 29387327 a multiple of 244?
False
Is 5231893422 a multiple of 14?
True
Does 16 divide 205459553?
False
Does 9 divide 27832707?
True
Does 1094 divide 51201388?
True
Is 7487172 a multiple of 231?
True
Is 80227148 a multiple of 34?
True
Is 332140649 a multiple of 308?
False
Does 6208 divide 269445824?
True
Is 63 a factor of 119320740?
True
Is 17523847 a multiple of 269?
False
Does 3675 divide 842059704?
False
Is 100204120 a multiple of 40?
True
Is 26074738 a multiple of 70?
False
Is 2769900 a multiple of 525?
True
Is 466 a factor of 1202550783?
False
Does 2153 divide 4362146795?
False
Does 303 divide 24807604?
False
Is 206111935 a multiple of 729?
False
Is 150500097 a multiple of 316?
False
Does 638 divide 1948480710?
True
Does 10 divide 4238750?
True
Is 207064243 a multiple of 906?
False
Is 7 a factor of 4532080?
True
Is 5 a factor of 27506384?
False
Is 101769447 a multiple of 349?
True
Is 7039811 a multiple of 15?
False
Is 446 a factor of 4990036?
False
Is 719 a factor of 53405163?
True
Is 44818488 a multiple of 1716?
True
Does 3354 divide 593896413?
False
Is 3 a factor of 184068661?
False
Does 685 divide 743944488?
False
Does 8 divide 370070?
False
Is 266953239 a multiple of 4?
False
Is 23951048 a multiple of 8?
True
Does 3 divide 2058428?
False
Is 5065 a factor of 1249740221?
False
Is 71538282 a multiple of 7?
False
Is 187508815 a multiple of 3965?
True
Does 43 divide 82952771?
False
Is 97449724 a multiple of 67?
False
Is 19 a factor of 31080817?
False
Is 11 a factor of 62813938?
True
Is 8 a factor of 4008072?
True
Is 21 a factor of 8282062?
False
Is 11406152 a multiple of 175?
False
Does 22 divide 97406269?
False
Is 18673259 a multiple of 114?
False
Is 5354211 a multiple of 30?
False
Does 41 divide 226506427?
True
Is 458486 a multiple of 92?
False
Does 6736 divide 291807610?
False
Is 17 a factor of 10208602?
True
Is 455 a factor of 53138250?
False
Is 44363424 a multiple of 336?
True
Is 32454719 a multiple of 931?
False
Is 131 a factor of 2298264?
True
Is 12 a factor of 7737204?
True
Does 14768 divide 799834880?
True
Does 48 divide 3283304752?
False
Does 183 divide 99926541?
False
Does 4893 divide 408386499?
False
Is 352017456 a multiple of 16?
True
Does 38 divide 125137154?
True
Is 99528221 a multiple of 767?
True
Is 257710180 a multiple of 962?
True
Is 191781793 a multiple of 147?
False
Is 278 a factor of 1575746746?
False
Does 963 divide 542144811?
False
Is 8 a factor of 54590552?
True
Does 1941 divide 43223317?
False
Is 139 a factor of 158770815?
False
Is 286306479 a multiple of 9?
True
Does 1490 divide 168285070?
True
Is 5 a factor of 1051935?
True
Is 216 a factor of 36307224?
True
Is 1187 a factor of 17443597?
False
Does 546 divide 37794120?
True
Is 149568404 a multiple of 3491?
True
Is 17406660 a multiple of 570?
True
Does 316 divide 886550008?
True
Is 423 a factor of 3108627?
True
Does 647 divide 113938641?
True
Does 8 divide 164258205?
False
Is 7 a factor of 45936174?
False
Is 42052014 a multiple of 9?
True
Is 17 a factor of 159483652?
False
Is 150 a factor of 36747966?
False
Does 1762 divide 454749294?
True
Is 8804232 a multiple of 979?
False
Is 634550764 a multip